6, -26*i + 30*i - 117427 = 3*j. What is the units digit of i?
6
Suppose -3*j + 1059 = a - 2590, -3*a + 10977 = 3*j. What is the hundreds digit of a?
6
Let t(l) = 5*l**2 + 144*l + 108. What is the hundreds digit of t(-60)?
4
What is the tens digit of (960/72)/((-4)/(-6546))?
2
Suppose 2*a - 5*c = -2*a + 12, -8 = -2*a + 3*c. What is the units digit of 8/a - 41/(-1)?
7
Let i(w) = -2345*w - 162. What is the hundreds digit of i(-10)?
2
Let k(f) = 48*f**2 + 122*f + 320. What is the units digit of k(-10)?
0
Suppose -r = -7*m + 5*m - 11160, -2*m = 3*r - 33440. Suppose 8*q = -2*q + r. What is the hundreds digit of q?
1
What is the thousands digit of (2471 + 2)/((-4)/(-28)) - (-182)/26?
7
Let o(t) = 4*t**3 - 62*t**2 + 31*t - 22. Let g be o(15). What is the hundreds digit of (-1 - g)*(-10368)/(-243)?
2
Suppose 14*j - 12469 = 11975. Let g = 2932 - j. What is the tens digit of g?
8
Suppose 0 = -4*x + 16 + 4. Let d be 1 + (3*-5)/x. What is the tens digit of 267/(d + (2 - -3))?
8
Suppose y = t + 11629, 2*y - y + 5*t = 11659. What is the hundreds digit of y?
6
Suppose 11*c + 11 = -2*r + 14*c, r + 22 = -4*c. What is the tens digit of (2/(-6))/(r - (-130494)/13050)?
2
Let k(l) = -l - 1520. Let z be k(0). What is the units digit of z/(-6) + (-6)/(-9)?
4
Let r(y) = 2*y + 4*y + 4*y - 4*y**2 - 6*y**2 - 6*y + 4 + 10*y**3. What is the hundreds digit of r(4)?
5
Let o be (16/(-32))/((-3)/(-6)). What is the thousands digit of 1091*((o - -2) + 0)?
1
Suppose -49*s + 1408370 = -1058979 - 1355974. What is the hundreds digit of s?
0
Suppose 130104 + 220011 = 110*h + 82265. What is the units digit of h?
5
Let a(z) = -12*z**2 + 3*z - 65. Let r(c) = -17*c**2 + 4*c - 97. Let l(p) = 7*a(p) - 5*r(p). What is the tens digit of l(19)?
1
Suppose -3*t = -2*i - 69130, -4*i = 18*t - 16*t - 46124. What is the thousands digit of t?
3
Suppose -12987 = -3*m + 5*x, 0 = 28*m - 23*m + 5*x - 21605. What is the hundreds digit of m?
3
Suppose -215*q = -207808 - 4821472. What is the thousands digit of q?
3
Let a = 1069 - 629. Suppose z - 6*o - a = -8*o, -2*z + 5*o + 907 = 0. What is the units digit of z?
6
Let b(i) = i**3 + 15*i**2 - 20*i - 16. Let k be b(-17). Let j be (-2 - -1)/(2/k*-1). Let x = j - -230. What is the hundreds digit of x?
1
Suppose d + 2 = f, -3*f = -d + 2 - 8. Suppose -4*l + 1849 = -3*l + 5*a, d = 3*l + 5*a - 5537. What is the tens digit of l?
4
Let z be (87/(-5))/(-4*(-11)/(-1100)). Suppose -24*u + z = -3621. What is the hundreds digit of u?
1
Let m(x) = -5*x**2 + x**2 - 7 - 6*x - 32 + 4*x. Let y be m(-6). Let n = y + 266. What is the tens digit of n?
9
Suppose -5*x = 58*x - 20790 + 4851. Suppose -j - 677 = 5*o + j, 4*j = 2*o + 266. What is the hundreds digit of x + (-105)/o + 4/18?
2
Let x(n) = n**3 + 49*n**2 - 479*n - 35. What is the units digit of x(-56)?
7
Suppose m + 6*h = 4*h - 6, -4*m + 24 = -4*h. Suppose -4*y - 194 = m*f - 4*f, f + 4*y - 73 = 0. What is the tens digit of f?
8
Suppose -114*f + 468*f - 37345957 = -97*f. What is the thousands digit of f?
2
Let t = -404 + 171. Let p = -3 - t. What is the units digit of p?
0
Let q = -3314 - -10855. What is the hundreds digit of q?
5
Let z(v) = -5510*v - 13501. What is the hundreds digit of z(-16)?
6
Suppose -7*m - 46 = 39*m. Suppose 5*l - 123 = 4*p, p = -4 + 2. Let g = m + l. What is the units digit of g?
2
Let n be 146/(-1*(4 + (4 - 10))). Let t = 78 - n. What is the units digit of ((-515)/(-10))/((5/4)/t)?
6
Let v(p) = 50*p**2 - 45*p + 366. What is the units digit of v(17)?
1
Let d be (115 + -114)/((1/2)/1). Suppose 5*i + 5*p - 4320 = 0, 0 = -4*i + d*p - p + 3431. What is the tens digit of i?
5
Let g(j) = -j**2 - j + 10. Let o be g(-3). Suppose 0 = -4*c + 8, -10*c - 430 = -o*y - 13*c. What is the tens digit of y?
0
Let r be (-4)/1 + 3 - 4. Let t(y) = 2*y - y**3 - 283 - 3*y**2 + 3*y + 284. What is the units digit of t(r)?
6
Let i(l) = 195*l - 4. Suppose 8 = 8*d - 16. Let f be i(d). Suppose -7*g - 203 + f = 0. What is the tens digit of g?
5
Let b(x) = 825*x + 317. What is the hundreds digit of b(5)?
4
Let x(n) = -6*n + 8. Let k be x(-3). Suppose 0 = m - k + 12. Suppose r = m*r - 3120. What is the units digit of r?
0
Let b = 3133 + 2842. What is the tens digit of b?
7
Suppose -13*q + 13416 = -0*q. Suppose -3*z + 639 = -q. What is the units digit of z?
7
Let r = 25185 + -17213. What is the tens digit of r?
7
Let l be 6 + -1 + 6*(-4)/12. Suppose 0 = 32*n + l*n - 31570. What is the tens digit of n?
0
Suppose 2*n = -3*r + 47044, 3*n + 78787 = 4*r + 16039. What is the units digit of r?
4
Suppose 0 = -97*r + 160545 + 2670206. What is the units digit of r?
3
Let y = 861 - 856. Suppose -5*z = p - 613, 525 = p - y*z - 78. What is the units digit of p?
8
Suppose 2*i - 13287 = -23*x + 18*x, 0 = i - 2*x - 6621. What is the hundreds digit of i?
6
Suppose -2758 - 1340 = -2*n. Suppose 0 = -s + 4, -n + 761 = -5*h + 3*s. What is the hundreds digit of h?
2
Suppose -3*o - 4*q = -1584, -5*o + 1374 = q - 1283. Let u = o - 1077. Let a = 775 + u. What is the tens digit of a?
3
Suppose 512*r - 3677641 = 3120750 - 141879. What is the hundreds digit of r?
0
Let d(r) = -2*r**2 - 12*r - 10. Let s be d(-7). Let v = s - -45. What is the units digit of v?
1
Let g = -454 + 541. Let y be (-2)/7 - 906/14. Let x = g + y. What is the tens digit of x?
2
Let y = -96 + 63. Let k = 27 + y. Let z(j) = -3*j + 26. What is the tens digit of z(k)?
4
Suppose 265*j = 269*j - 4*c - 251732, -4*j = -2*c - 251726. What is the ten thousands digit of j?
6
Let v be (279/(-6))/(1/6). Let s be 8/(-24)*(-3537)/3. Let l = s + v. What is the units digit of l?
4
Let h(m) = -42*m - 12. Let n be h(-4). Suppose -5*v + n = -4*l, -8*v - 3*l + 128 = -3*v. What is the hundreds digit of ((-432)/v)/(2/(-14))?
1
Suppose 0 = 17*j - 135001 + 41314. Suppose 0 = 29*b - 40*b + j. What is the units digit of b?
1
Let h(x) = -95*x - 20 + 32 - 83*x + 44. What is the hundreds digit of h(-3)?
5
Suppose 3*m - 12 - 33 = -3*v, -m = -2*v + 18. Suppose -583 = v*b - 1518. What is the units digit of b?
5
Suppose -43*u + 26*u + 31365 = 0. What is the tens digit of u?
4
Let j be (-5)/3*((-234)/(-30) + -9). Suppose -753 = -x + 5*d, -3*d - j = -d. What is the hundreds digit of x?
7
Let g be -1452*(108/(-16) - -6 - -2). Let f = -440 - g. What is the tens digit of f?
7
Suppose 57*s + 2952 = 45*s. What is the units digit of (184/12)/(242/s - -1)?
3
Let r(p) = 2*p**2 + 6*p + 6. Let i be r(-3). Let c be ((-315)/(-42))/(i/4). Suppose 0 = -c*m + 263 + 92. What is the tens digit of m?
7
Let v(d) = -d + 226. Let y be v(0). Let x = 267 + -168. Let o = y - x. What is the hundreds digit of o?
1
Let d = 115 - 111. Suppose 0*l = -3*l - 3*f + 972, 0 = -d*f - 12. What is the tens digit of l?
2
Suppose 23*j + 5489 - 2177 = 0. Let m = -47 - j. What is the units digit of m?
7
Let y = -45635 - -74548. What is the tens digit of y?
1
Suppose 4*w + 3*h + 4 = 0, 6*h - 7*h = w + 2. Suppose t = a - t - 240, 0 = a + w*t - 220. What is the hundreds digit of a?
2
Let y(g) = -g**3 + 18*g**2 + 20*g - 16. Let l be y(19). Suppose 0 = -p + 3*h + 589, 0*h - 3*h + 1803 = l*p. What is the tens digit of p?
9
Let u = -23062 + 38824. What is the tens digit of u?
6
Let p(u) = -22*u - 62. Let i be p(-3). Suppose 2*n + n - 2458 = 2*j, 4 = i*j. What is the tens digit of n?
2
Let n(u) = u**2 + 26*u - 25. Let f be n(-27). Suppose -f*m = -594 - 158. What is the hundreds digit of m?
3
What is the tens digit of (2045 - (-4 + 14)) + (2 - -6)?
4
Suppose 3*s - 22*y + 19*y = -1131, 3*y = -2*s - 764. Let n = s + 676. What is the tens digit of n?
9
Let t(n) = 879*n - 1000. What is the tens digit of t(10)?
9
Let b(c) be the second derivative of c**4/12 + 7*c**3/2 - 101*c**2/2 + 50*c. What is the units digit of b(9)?
9
Let o(y) = -3*y + 17. Let k be o(-12). Let s be 0 - 181/(-7) - (-7)/49. Let d = k - s. What is the units digit of d?
7
Let x(s) = -63*s**3 + 70*s**2 - 61 - 73*s**2 - 18*s + 55*s**3. What is the tens digit of x(-5)?
5
Let n = -2607 - -6248. What is the thousands digit of n?
3
Let l(f) = f - 1 + 6*f - 14*f - 4. Let o be l(-5). Suppose 31*t - o*t = 168. What is the units digit of t?
8
Let o = 20 + -15. Suppose -j + 14 = 4*y, 5 = 3*y - 5*j - 17. Suppose -o*l = -n - 34, -y*l = n + 2*n - 12. What is the units digit of l?
6
Let j = 22941 - 9116. What is the t